ose -2*z = 2*f - 31 - 13, 0 = z - 4*f - b. Calculate the remainder when z is divided by 12 - 4*2/4.
7
Let q(p) = 252*p + 1054. Calculate the remainder when 780 is divided by q(-4).
44
Let l = -18124 - -18135. Let x(w) = -12*w - 1. Let s be x(1). Let f = s - -54. Calculate the remainder when f is divided by l.
8
Let k(v) = v**3 - 3*v**2 - 55*v + 12. Let z be k(9). Suppose 5*m + 35 = 4*u, z = -m - 0. What is the remainder when 52 is divided by u?
2
Suppose q - 198 = 2*z, -5*q - z = -5*z - 1026. Calculate the remainder when 637 is divided by q.
7
What is the remainder when (3286 - -312) + (8 - 1) is divided by 9?
5
Let j = -173 - -203. Suppose -4*a + 46 = -2*q, 3 = a + 3*q - 12. What is the remainder when j is divided by a?
6
Suppose -235 = 5*d - 4*l, -141 = 3*d + l - 0*l. Let v be (-19 - -16) + d/1. Let u = -35 - v. Calculate the remainder when u is divided by 12.
3
Let i = 60531 - 60361. Let p = 247 + -157. What is the remainder when i is divided by p?
80
Let c = -5327 + 5988. What is the remainder when c is divided by 133?
129
Let w = 210 + -184. What is the remainder when 380 is divided by w?
16
Calculate the remainder when ((-3)/(-15) + 0 - (-847496)/20) + -5 is divided by 214.
212
Suppose f - p = 2*p + 62, 0 = -p - 3. What is the remainder when 1427 is divided by f?
49
Let o(b) = -b**3 - 2*b**2 + 30*b - 21. What is the remainder when 4240 is divided by o(-7)?
12
Suppose -2*m + 2*b + 7 - 3 = 0, m + 2*b - 14 = 0. What is the remainder when 41 is divided by (4 - -2)/m + 5?
5
Suppose 51 + 147 = 3*a. Let r(o) = -98*o - 423. What is the remainder when r(-7) is divided by a?
65
Let s(j) = -2*j - 3. Let c be s(-5). Let h = -824943 - -825051. What is the remainder when h is divided by 2/(-7) - (-156)/c?
20
Suppose -5*i + 0*s = -4*s - 17, -3*i + 5 = -5*s. Suppose 91 = -i*g + 691. What is the remainder when g is divided by 21?
15
Let g = 136 - 81. Let f = 67 - g. What is the remainder when (1 + 12/(-4) - -3) + 68 is divided by f?
9
Suppose -9*a + 7*a + 4*j = 716, -5*j = 4*a + 1419. Let l = -332 - a. Calculate the remainder when 131 is divided by l.
11
Let o(q) be the first derivative of q**4/4 - 8*q**3 - 23*q**2/2 - 40*q + 59. Calculate the remainder when o(25) is divided by 2.
0
Let z = -128 - -139. Suppose m - 5 - 16 = 0. Suppose -5*f + 4*n = -26 + 8, -4*f = -n - m. Calculate the remainder when z is divided by f.
5
Suppose -2*b - 3*o = -42, -b - 5*o + 5 = -30. Let k(u) = -8*u + 7. Let m be k(5). Let y = 86 + m. What is the remainder when y is divided by b?
8
Let l be (0 - (-2)/(-6))*0/48. Suppose l = -r - 44 + 51. Calculate the remainder when 48 is divided by r.
6
Suppose -19 - 1 = -4*w + 2*g, -3*w + 21 = -3*g. Suppose -2*n - 25 = w*n, -4*n = 5*u - 15. What is the remainder when 37 is divided by u?
2
Suppose -5366 = -21*x + 3286. What is the remainder when x is divided by 49?
20
Let j = -287 - -521. What is the remainder when j is divided by 78 + 0 + -3 + 0?
9
Suppose -2*d = -20*d + 36*d - 288. What is the remainder when 1484 is divided by d?
12
Suppose -w - 23 = -11*n + 6*n, 5*n - 11 = 2*w. Calculate the remainder when 682 is divided by w.
10
Suppose -5*u - 32 = -y, 3*y - 88 = 2*u + 34. Calculate the remainder when 100 is divided by y.
16
Let f = 239 - 234. Suppose f*u = 24 + 171. What is the remainder when 190 is divided by u?
34
Let b(z) = 18 + 23 - 36*z - 59*z - 40. What is the remainder when b(-1) is divided by 26?
18
Let l(b) = -b + 22. Let o be l(21). Let x(m) = 77*m + 2. Let t be x(o). Let n = t - 45. What is the remainder when 167 is divided by n?
31
Let h be (-2)/(-4)*(4 + -6 + 2). Suppose 0 = 2*a - 18 - h. Suppose -3*b - o + 47 = 0, 4*b - 70 = 3*o + 10. What is the remainder when b is divided by a?
8
Suppose 5*i = -10*d + 15*d + 75, 0 = i - 1. What is the remainder when 36 is divided by 6 + (-35)/d*(-1 + 3)?
3
Suppose -3*p - 9 = -2*p. Let a be 12/(p*4/(-24)). What is the remainder when 0 + -4 + a + 7 is divided by 7?
4
Let o(y) = 5*y - 1. Let h be o(2). Suppose 942 = -4*s + a + a, -4*a - 4 = 0. Calculate the remainder when 1/3 + (-3)/(h/s) is divided by 27.
25
Let c(d) = 5*d + 51. Let h(p) = 2. Let n(k) = c(k) + 5*h(k). Let y(w) = -w**2 + 12*w - 7. Calculate the remainder when y(9) is divided by n(-10).
9
Suppose -4*a = 7*v - 5*v - 106, -2*v - 104 = -3*a. Let s = -122 - -177. Calculate the remainder when s is divided by a.
25
Let h = 83 - 76. Let p(z) be the second derivative of 13*z**4/12 - 5*z**3/6 + z**2 - 25*z. Calculate the remainder when p(1) is divided by h.
3
Suppose -2*f = a - 29, -2*a + 67 - 60 = f. What is the remainder when 2477 is divided by f?
12
Suppose 5*c = 4*c - c. Suppose c = 5*h - 45*t + 47*t - 67, -2*t = -2*h + 38. Calculate the remainder when 242/6 + (-6)/(-9) is divided by h.
11
Let m = 2829 + -1911. Let t = -860 + m. Suppose 0 = 5*n - 0*n - 150. What is the remainder when t is divided by n?
28
Let k = 85 - 83. Suppose -k*u + 190 = -5*b, b + 108 = u + 5*b. What is the remainder when u is divided by 51?
49
Calculate the remainder when 2363 is divided by (30000/9)/(-40)*3/(-2).
113
Suppose 2*f - 2237 = -l, l + 4477 = 3*f + f. Let u = 1146 - f. Let w = -39 + 117. What is the remainder when w is divided by u?
24
Let o = 3039 - 2917. Calculate the remainder when 2923 is divided by o.
117
Suppose d + 162 + 416 = 5*o, -3*o - 3*d = -372. Calculate the remainder when o is divided by 59.
58
Let u(b) = -6*b + 126. Let i(j) = j + 5. Let o be i(0). Suppose 1 = -q, 37 = o*v + 3*q - 0*q. What is the remainder when u(17) is divided by v?
0
Suppose 0 = -d + 16 - 3. Let b be (-7413)/(-9) + 6/18. Let i = -818 + b. What is the remainder when d is divided by i?
1
Let a = -44 + 80. Let r = 61 - a. Calculate the remainder when r/15*(3 - 0) is divided by 2.
1
Let r(z) = -z + 22. Let g be r(11). Let q = 12 - g. Calculate the remainder when 31 + -14 - q/(-1) is divided by 12.
6
Suppose 0 = -24215*c + 24231*c - 5472. What is the remainder when c is divided by 87?
81
Let y(s) = -s**3 + 8*s**2 - 4*s - 3. Let p be (-100)/(-14) + 4/(-28). Calculate the remainder when (1 - 208/(-3)) + (-1)/3 is divided by y(p).
16
Suppose -4*c - 8 = 0, 4*c = 3*j - 0*c - 14. Suppose -3*w = j*v - 291, 135 = v - 14*w + 12*w. What is the remainder when v is divided by 72?
69
Let o(d) = 205*d - 1230. Let t be o(6). Let a be (-2)/(-5) + 4096/10. Suppose t*q + 5*q = a. Calculate the remainder when q is divided by 17.
14
Suppose 206*j - 225*j = -551. Let f = 15 - 0. Calculate the remainder when j is divided by f.
14
Let x be (-3)/(-9) - 454/(-6). Let v = -72 + x. Suppose -2*d + 67 = 3*j, 5*d + 9*j - v*j - 155 = 0. What is the remainder when 91 is divided by d?
13
Suppose -279 = -i - 74. Suppose d + 194 = i. What is the remainder when d is divided by 6?
5
Suppose -5*f - 1709 = -2*k, -77*f + 15 = -80*f. What is the remainder when k is divided by 10?
2
Let a(g) = 5*g + 13. Let n be a(-2). Suppose 2*y + n*y = -2*s, -s - 2*y = 0. Suppose -m - 6*m + 238 = s. What is the remainder when 202 is divided by m?
32
Let o(q) = 6*q - 17. Let v be o(6). Let x = 54 - v. Let k = 30 + -21. Calculate the remainder when x is divided by k.
8
Calculate the remainder when 97 is divided by ((-114)/(-12))/((-15)/(-6)*(-5)/(-25)).
2
Let q be 16/(-4) - 4*-44. Suppose -3*v + 71 + q = 0. Let c = v + -18. Calculate the remainder when c is divided by 16.
15
Let g(d) = 7*d + 2. What is the remainder when g(11) is divided by ((-82)/8*-2)/((-156)/(-312))?
38
Let h(t) = 2*t - 28. Let i(j) = -j**2 + 11*j + 5. Let x be i(10). Let a be h(x). Calculate the remainder when (a - (-1 - -3)) + 31 - -1 is divided by 17.
15
Calculate the remainder when 789 is divided by (11 + (-245)/28)/(36/912).
48
What is the remainder when ((-284)/(-2))/((-107)/(-856)) is divided by 114?
110
Suppose 2*i + 22 = 22. Suppose 2*c + 3*d - 105 = i, 0*c = c + 5*d - 35. Suppose 0 = 6*u - c - 66. What is the remainder when u is divided by 6?
3
Suppose 13 = 3*o + x, 0 = -5*o + 17*x - 20*x + 23. Suppose 3*h + 6*u - 63 = o*u, -3*u - 124 = -5*h. What is the remainder when 44 is divided by h?
21
Let c = 36 - 22. Suppose -13*d + d + 144 = 0. What is the remainder when 53 - 1 - 0/d is divided by c?
10
Calculate the remainder when ((-11306)/(-10))/(29 + 432/(-15)) is divided by 195.
193
Let y be -8 - (9 + -17 + -860). Suppose y = 14*z - 596. W